{"id":615,"date":"2020-05-16T19:48:17","date_gmt":"2020-05-16T19:48:17","guid":{"rendered":"https:\/\/demo.winnertheme.com\/zapedah\/?page_id=615"},"modified":"2022-05-10T11:13:46","modified_gmt":"2022-05-10T11:13:46","slug":"our-team","status":"publish","type":"page","link":"https:\/\/hanikakaravan.com\/?page_id=615","title":{"rendered":"Our Team"},"content":{"rendered":"\t\t<div data-elementor-type=\"wp-page\" data-elementor-id=\"615\" class=\"elementor elementor-615\" data-elementor-settings=\"[]\">\n\t\t\t\t\t\t\t<div class=\"elementor-section-wrap\">\n\t\t\t\t\t\t\t<section class=\"elementor-section elementor-top-section elementor-element elementor-element-9422397 elementor-section-boxed elementor-section-height-default elementor-section-height-default\" data-id=\"9422397\" data-element_type=\"section\" data-settings=\"{&quot;background_background&quot;:&quot;classic&quot;}\">\n\t\t\t\t\t\t\t<div class=\"elementor-background-overlay\"><\/div>\n\t\t\t\t\t\t\t<div class=\"elementor-container elementor-column-gap-extended\">\n\t\t\t\t\t<div class=\"elementor-column elementor-col-100 elementor-top-column elementor-element elementor-element-7e15ce3\" data-id=\"7e15ce3\" data-element_type=\"column\">\n\t\t\t<div class=\"elementor-widget-wrap elementor-element-populated\">\n\t\t\t\t\t\t\t\t<div class=\"elementor-element elementor-element-254b4b3 elementor-widget elementor-widget-text-editor\" data-id=\"254b4b3\" data-element_type=\"widget\" data-widget_type=\"text-editor.default\">\n\t\t\t\t<div class=\"elementor-widget-container\">\n\t\t\t\t\t\t\t\t<p>Kamp Alanlar\u0131 Haritas\u0131<\/p>\t\t\t\t\t\t<\/div>\n\t\t\t\t<\/div>\n\t\t\t\t<div class=\"elementor-element elementor-element-c791a5a elementor-widget elementor-widget-zapedah-title\" data-id=\"c791a5a\" data-element_type=\"widget\" data-widget_type=\"zapedah-title.default\">\n\t\t\t\t<div class=\"elementor-widget-container\">\n\t\t\t<h2 class=\"content-title\">T\u00fcrkiye Kamp Alanlar\u0131<\/h2>\t\t<\/div>\n\t\t\t\t<\/div>\n\t\t\t\t\t<\/div>\n\t\t<\/div>\n\t\t\t\t\t\t\t<\/div>\n\t\t<\/section>\n\t\t\t\t<section class=\"elementor-section elementor-top-section elementor-element elementor-element-e1240af elementor-section-content-middle elementor-section-boxed elementor-section-height-default elementor-section-height-default\" data-id=\"e1240af\" data-element_type=\"section\" data-settings=\"{&quot;background_background&quot;:&quot;classic&quot;}\">\n\t\t\t\t\t\t<div class=\"elementor-container elementor-column-gap-extended\">\n\t\t\t\t\t<div class=\"elementor-column elementor-col-50 elementor-top-column elementor-element elementor-element-0b4d41c\" data-id=\"0b4d41c\" data-element_type=\"column\">\n\t\t\t<div class=\"elementor-widget-wrap elementor-element-populated\">\n\t\t\t\t\t\t\t\t<div class=\"elementor-element elementor-element-a3b33a4 elementor-widget elementor-widget-zapedah-title\" data-id=\"a3b33a4\" data-element_type=\"widget\" data-widget_type=\"zapedah-title.default\">\n\t\t\t\t<div class=\"elementor-widget-container\">\n\t\t\t<h2 class=\"content-title\">Size En Yak\u0131n Kaplan\u0131n\u0131 <b>Bulun<\/b><span>.<\/span><\/h2>\t\t<\/div>\n\t\t\t\t<\/div>\n\t\t\t\t\t<\/div>\n\t\t<\/div>\n\t\t\t\t<div class=\"elementor-column elementor-col-50 elementor-top-column elementor-element elementor-element-7761011\" data-id=\"7761011\" data-element_type=\"column\">\n\t\t\t<div class=\"elementor-widget-wrap elementor-element-populated\">\n\t\t\t\t\t\t\t\t<div class=\"elementor-element elementor-element-b3ccfa0 elementor-widget elementor-widget-text-editor\" data-id=\"b3ccfa0\" data-element_type=\"widget\" data-widget_type=\"text-editor.default\">\n\t\t\t\t<div class=\"elementor-widget-container\">\n\t\t\t\t\t\t\t\t<p><strong>T\u00fcrkiye Kamp Alanlar\u0131<\/strong> haritas\u0131nda yer alan t\u00fcm lokasyonlar Kampbros ekibi taraf\u0131ndan g\u00fcncel olarak ara\u015ft\u0131r\u0131lm\u0131\u015f ve kampa uygun olup olmad\u0131\u011f\u0131 kontrol edilmi\u015ftir. T\u00fcrkiye kamp alanlar\u0131 haritas\u0131nda yer alan lokasyonlar\u0131n baz\u0131lar\u0131nda i\u015fletme, baz\u0131lar\u0131nda ise do\u011fal alanlar yer almaktad\u0131r. T\u00fcrkiye kamp alanlar\u0131 haritas\u0131, do\u011fa kamp\u0131, k\u0131\u015f kamp\u0131, \u015felale kamp\u0131, yaz kamp\u0131 ve deniz kamp\u0131 gibi her zevke uygun lokasyonlar i\u00e7ermektedir.<\/p>\t\t\t\t\t\t<\/div>\n\t\t\t\t<\/div>\n\t\t\t\t\t<\/div>\n\t\t<\/div>\n\t\t\t\t\t\t\t<\/div>\n\t\t<\/section>\n\t\t\t\t<section class=\"elementor-section elementor-top-section elementor-element elementor-element-b4d7dba elementor-section-content-middle elementor-section-boxed elementor-section-height-default elementor-section-height-default\" data-id=\"b4d7dba\" data-element_type=\"section\" data-settings=\"{&quot;background_background&quot;:&quot;classic&quot;}\">\n\t\t\t\t\t\t\t<div class=\"elementor-background-overlay\"><\/div>\n\t\t\t\t\t\t\t<div class=\"elementor-container elementor-column-gap-no\">\n\t\t\t\t\t<div class=\"elementor-column elementor-col-100 elementor-top-column elementor-element elementor-element-e674a11\" data-id=\"e674a11\" data-element_type=\"column\">\n\t\t\t<div class=\"elementor-widget-wrap elementor-element-populated\">\n\t\t\t\t\t\t\t\t<section class=\"elementor-section elementor-inner-section elementor-element elementor-element-5dada09 elementor-section-boxed elementor-section-height-default elementor-section-height-default\" data-id=\"5dada09\" data-element_type=\"section\">\n\t\t\t\t\t\t<div class=\"elementor-container elementor-column-gap-extended\">\n\t\t\t\t\t<div class=\"elementor-column elementor-col-100 elementor-inner-column elementor-element elementor-element-b7e81ab\" data-id=\"b7e81ab\" data-element_type=\"column\">\n\t\t\t<div class=\"elementor-widget-wrap elementor-element-populated\">\n\t\t\t\t\t\t\t\t<div class=\"elementor-element elementor-element-aac3aa7 elementor-widget elementor-widget-html\" data-id=\"aac3aa7\" data-element_type=\"widget\" data-widget_type=\"html.default\">\n\t\t\t\t<div class=\"elementor-widget-container\">\n\t\t\t<iframe loading=\"lazy\" src=\"https:\/\/www.google.com\/maps\/d\/embed?mid=1OXYU1CRdfYLRTIYIjsOnakf2xy8&ehbc=2E312F\" width=\"640\" height=\"480\"><\/iframe>\t\t<\/div>\n\t\t\t\t<\/div>\n\t\t\t\t\t<\/div>\n\t\t<\/div>\n\t\t\t\t\t\t\t<\/div>\n\t\t<\/section>\n\t\t\t\t\t<\/div>\n\t\t<\/div>\n\t\t\t\t\t\t\t<\/div>\n\t\t<\/section>\n\t\t\t\t\t\t<\/div>\n\t\t\t\t\t<\/div>\n\t\t","protected":false},"excerpt":{"rendered":"<p>Kamp Alanlar\u0131 Haritas\u0131 T\u00fcrkiye Kamp Alanlar\u0131 Size En Yak\u0131n Kaplan\u0131n\u0131 Bulun. T\u00fcrkiye Kamp Alanlar\u0131 haritas\u0131nda yer alan t\u00fcm lokasyonlar Kampbros ekibi taraf\u0131ndan g\u00fcncel olarak ara\u015ft\u0131r\u0131lm\u0131\u015f ve kampa uygun olup olmad\u0131\u011f\u0131 kontrol edilmi\u015ftir. T\u00fcrkiye kamp alanlar\u0131 haritas\u0131nda yer alan lokasyonlar\u0131n baz\u0131lar\u0131nda i\u015fletme, baz\u0131lar\u0131nda ise do\u011fal alanlar yer almaktad\u0131r. T\u00fcrkiye kamp alanlar\u0131 haritas\u0131, do\u011fa kamp\u0131, k\u0131\u015f kamp\u0131, \u015felale kamp\u0131, yaz kamp\u0131 ve &hellip;<\/p>\n","protected":false},"author":1,"featured_media":0,"parent":0,"menu_order":0,"comment_status":"closed","ping_status":"closed","template":"blank-builder.php","meta":[],"_links":{"self":[{"href":"https:\/\/hanikakaravan.com\/index.php?rest_route=\/wp\/v2\/pages\/615"}],"collection":[{"href":"https:\/\/hanikakaravan.com\/index.php?rest_route=\/wp\/v2\/pages"}],"about":[{"href":"https:\/\/hanikakaravan.com\/index.php?rest_route=\/wp\/v2\/types\/page"}],"author":[{"embeddable":true,"href":"https:\/\/hanikakaravan.com\/index.php?rest_route=\/wp\/v2\/users\/1"}],"replies":[{"embeddable":true,"href":"https:\/\/hanikakaravan.com\/index.php?rest_route=%2Fwp%2Fv2%2Fcomments&post=615"}],"version-history":[{"count":6,"href":"https:\/\/hanikakaravan.com\/index.php?rest_route=\/wp\/v2\/pages\/615\/revisions"}],"predecessor-version":[{"id":979,"href":"https:\/\/hanikakaravan.com\/index.php?rest_route=\/wp\/v2\/pages\/615\/revisions\/979"}],"wp:attachment":[{"href":"https:\/\/hanikakaravan.com\/index.php?rest_route=%2Fwp%2Fv2%2Fmedia&parent=615"}],"curies":[{"name":"wp","href":"https:\/\/api.w.org\/{rel}","templated":true}]}}